{"id":6,"date":"2019-12-23T22:47:26","date_gmt":"2019-12-23T21:47:26","guid":{"rendered":"http:\/\/h2862702.stratoserver.net\/?page_id=6"},"modified":"2025-07-13T12:04:48","modified_gmt":"2025-07-13T10:04:48","slug":"willkommen-in-der-praxis-hier-nimmt-man-sich-zeit-fuer-sie","status":"publish","type":"page","link":"https:\/\/naturheilkunde-buende.de\/","title":{"rendered":"Willkommen in der Praxis &#8211; Hier nimmt man sich Zeit f\u00fcr Sie"},"content":{"rendered":"\n<style>\n\ndiv.customButton#testtt > a.wp-block-button__link:hover {\n  color: black;\n}\n\ndiv.customButton#testtt > a.wp-block-button__link{\n  color: black;\n}\n\ndiv.customButton#testtt > a.wp-block-button__link:focus {\n  color: black;\n}\n\n.blockZeile {\n}\n\n.trennerE2 {\n  clear: both;\n}\n\n\/*.blockHintergrund {\n    position: absolute;\n    z-index: -1;\n    top: 0;\n    bottom: 0;\n    left: 0;\n    right: 0;\n    background: url(\"https:\/\/xn--naturheilkunde-bnde-lbc.de\/wp-content\/uploads\/2020\/10\/stone-707174.jpg\") center center;\n    opacity: .4;\n    width: 100%;\n    height: 100%;\n}*\/\n\n.blockContentHintergrund1 {\n  background-image:  linear-gradient(to bottom, rgb(255, 255, 255), rgba(255, 255, 255, 0), rgb(255, 255, 255)), url(\"https:\/\/xn--naturheilkunde-bnde-lbc.de\/wp-content\/uploads\/2020\/08\/rock1-scaled.jpg\");\nbackground-size: cover;\n}\n\n.blockContentHintergrund2 {\n  background-image:  linear-gradient(to bottom, rgb(255, 255, 255), rgba(255, 255, 255, 0), rgb(255, 255, 255)), url(\"https:\/\/xn--naturheilkunde-bnde-lbc.de\/wp-content\/uploads\/2020\/08\/rock2-scaled.jpg\");\nbackground-size: cover;\n}\n\n.blockContentHintergrund3 {\n  background-image:  linear-gradient(to bottom, rgb(255, 255, 255), rgba(255, 255, 255, 0), rgb(255, 255, 255)), url(\"https:\/\/xn--naturheilkunde-bnde-lbc.de\/wp-content\/uploads\/2020\/08\/rock2-scaled.jpg\");\nbackground-position: right;\nbackground-size: cover;\n}\n\n.blockContent {\n  width: 100%;\n  padding-left: 50pt;\n  padding-right: 50pt;\n  position: relative;\n  margin-top: -30px;\n  z-index: 0;\n}\n\n.trenner {\n  height: 100px;\n  width: 100%;\n  position: relative;\n  z-index: 1;\n}\n\n.trennerL {\n  height: 100%;\n  width: 50%;\n  float:left;\n  background-size: contain;\n  background-repeat: no-repeat;\n  background-image:url(\"https:\/\/xn--naturheilkunde-bnde-lbc.de\/wp-content\/uploads\/2020\/10\/BlatReiheLinks3.png\");\n}\n\n.trennerR {\n  height: 100%;\n  width: 50%;\n  float: right;\n  background-size: contain;\n  background-repeat: no-repeat;\n  background-image:url(\"https:\/\/xn--naturheilkunde-bnde-lbc.de\/wp-content\/uploads\/2020\/10\/BlatReiheRechts3.png\");\n  background-position-x: right;\n}\n\n.trennerE {\n  float: left;\n}\n\ndiv.wp-block-groupO {\n  min-height:450px;\n  height: auto;\n}\n\n\/*.block_behandlung {\n  background-image: url(\"https:\/\/xn--naturheilkunde-bnde-lbc.de\/wp-content\/uploads\/2020\/09\/Klee1.svg\");\n  background-blend-mode: color-burn;\n  background-size: cover;\n}*\/\n\n\n\/*.block_frauen {\n  background-image: url(\"https:\/\/xn--naturheilkunde-bnde-lbc.de\/wp-content\/uploads\/2020\/09\/Klee2.svg\");\n  background-blend-mode: color-burn;\n  background-size: cover;\n}*\/\n\n.page-one-column .panel-content .wrap {\n  max-width: none;\n}\n\n.entry-title {\n  display: none;\n}\n\n.panel-content > .wrap {\n  padding-top: 0;\n}\n\n.wp-block-group {\n  height: 450px;\n}\n\nfigure > img {\n max-height: 400px;\n}\n\n.wrap {\n  padding-left: 0;\n  padding-right: 0;\n  \n}\n\n.mein-element {\n  background: transparent;\n}\n\n.visible {\n  animation-name: example;\n  animation-duration: 1s;\n  animation-delay: 0.0s;\n  animation-fill-mode: forwards;\n  animation-timing-function: ease;\n}\n\n@keyframes example {\n  from {margin-top: 0px; opacity: 0.0;}\n  to {margin-top: 0px; opacity: 1;}\n}\n<\/style>\n\n\n\n<div class=\"blockZeile\">\n  <div class=\"trenner\">\n    <div class=\"trennerL\"><\/div>\n    <div class=\"trennerR\"><\/div>\n  <\/div>\n  <div class=\"blockContent trennerE blockContentHintergrund3 \">\n\n\n\n<div class=\"is-layout-flow wp-block-group block_willkommen wp-block-groupO\"><div class=\"wp-block-group__inner-container\">\n<div class=\"is-layout-flex wp-container-3 wp-block-columns\">\n<div class=\"is-layout-flow wp-block-column\">\n<h2 class=\"mein-element\">\u00dcber die Praxis<\/h2>\n\n\n\n<p>Die <strong>Frauenheilkunde<\/strong>, eine Kategorie der Naturheilkunde, bietet Frauen nat\u00fcrliche Therapiem\u00f6glichkeiten wie z. B. die bioidentische Hormontherapie, die Gemmotherapie und bezieht auch die Darmgesundheit sowie das Immunsystem mit ein.<\/p>\n\n\n\n<p><\/p>\n\n\n\n<p>     <\/p>\n\n\n\n<p>Sch\u00f6n, dass Sie den Weg auf meine Praxiswebsite gefunden haben.<\/p>\n\n\n\n<p>Sie sind herzlich eingeladen, auf diesen Seiten mehr zu erfahren, \u00fcber meinen Praxisschwerpunkt, die h\u00e4ufigsten Diagnose- und Therapieverfahren sowie zu meiner Person.<\/p>\n\n\n\n<p><a href=\"https:\/\/xn--naturheilkunde-bnde-lbc.de\/index.php\/martina-habermann\/\">Hier erfahren Sie n\u00e4heres zu meiner Person<\/a><\/p>\n<\/div>\n\n\n\n<div class=\"is-layout-flow wp-block-column\">\n<h2 class=\"mein-element\">Kontakt<\/h2>\n\n\n\n<p class=\"mein-element\">Heilpraktikerin <\/p>\n\n\n\n<p class=\"mein-element\">Martina Habermann<br>Molkenkeller 10, 32257 B\u00fcnde<\/p>\n\n\n\n<p class=\"mein-element\"><br>E-Mail: mhabermann (at) naturheilkunde-b\u00fcnde.de <\/p>\n\n\n\n<p>Um mich allumf\u00e4nglich Ihnen und Ihren Anliegen zu widmen, kann ich nur meinen Zeitkapazit\u00e4ten angepasst <strong>neue Patient*innen<\/strong> aufnehmen.<\/p>\n\n\n\n<p><strong>Leider sind derzeit keine Patienten-Neuaufnahmen m\u00f6glich.<\/strong><\/p>\n\n\n\n<p><\/p>\n\n\n\n<h2 class=\"mein-element\">\u00d6ffnungszeiten\/Termine <\/h2>\n\n\n\n<p class=\"mein-element\">Die Terminvergabe erfolgt nach telefonischer Vereinbarung. <\/p>\n\n\n\n<p class=\"mein-element\">Montag, Dienstag, Donnerstag von: <\/p>\n\n\n\n<p class=\"mein-element\">11 bis 13 Uhr und 17 bis 19 Uhr \/  <\/p>\n\n\n\n<p class=\"mein-element\">Mittwoch 17 bis 19 Uhr \/ Freitag 11 bis 13 Uhr<\/p>\n\n\n\n<p><\/p>\n\n\n\n<p class=\"mein-element\">                                                              <\/p>\n\n\n\n<div class=\"wp-block-button customButton\" id=\"testtt\"><a class=\"wp-block-button__link wp-element-button\" href=\"https:\/\/naturheilkunde-b\u00fcnde.de\/index.php\/kontakt\/\">Zum Kontaktformular<\/a><\/div>\n<\/div>\n<\/div>\n<\/div><\/div>\n\n\n\n<\/div>\n<div class=\"trennerE2\"><\/div>\n<\/div>\n<div class=\"blockZeile\">\n  <div class=\"blockHintergrund\"><\/div>\n  <div class=\"trenner\">\n    <div class=\"trennerL\"><\/div>\n    <div class=\"trennerR\"><\/div>\n  <\/div>\n  <div class=\"blockContent trennerE blockContentHintergrund1 \">\n\n\n\n<div class=\"is-layout-flow wp-block-group wp-block-groupO\"><div class=\"wp-block-group__inner-container\">\n<div class=\"is-layout-flex wp-container-7 wp-block-columns are-vertically-aligned-center\">\n<div class=\"is-layout-flow wp-block-column is-vertically-aligned-center\">\n<h2 class=\"mein-element\">Home<\/h2>\n\n\n\n<p>Ich habe mich rund um das Thema <strong>ganzheitliche Frauenheilkunde<\/strong> spezialisiert und begleite Sie im Zyklus ihres Lebens. Dabei nehme ich mir viel Zeit f\u00fcr Sie, so dass Sie in Ruhe Ihre Anliegen schildern k\u00f6nnen, und stehe Ihnen mit naturheilkundlichen Therapie-M\u00f6glichkeiten, die K\u00f6rper, Geist und Seele mit einbeziehen, in schwierigen Zeiten zur Seite.<\/p>\n\n\n\n<p>Gesundheit ist ein kostbares Gut. Daher m\u00f6chte ich Sie unterst\u00fctzen, Ihre Gesundheit zu behalten oder zur\u00fcckzuerhalten, und Ihnen Hilfe zur Selbsthilfe geben.<\/p>\n\n\n\n<p>Unser Immunsystem ist gefragt wie nie! Ein intaktes Immunsystem sch\u00fctzt uns vor Viren, Bakterien und sch\u00e4dlichen Einfl\u00fcssen.<\/p>\n\n\n\n<p>In Anbetracht der aktuellen Situation steigt das Bed\u00fcrfnis, das Immunsystem zu st\u00e4rken. Als <strong>zertifizierte Immuntrainerin<\/strong> stehe ich Ihnen f\u00fcr Fragen rund um Ihr Immunsystem zur Verf\u00fcgung und erarbeite Ihnen ein individuelles angepasstes Therapie-Konzept zur Immunsystem-St\u00e4rkung.<\/p>\n\n\n\n<div class=\"wp-block-button customButton\" id=\"testtt\"><a class=\"wp-block-button__link wp-element-button\" href=\"https:\/\/xn--naturheilkunde-bnde-lbc.de\/index.php\/behandlung\/\">Weiterlesen<\/a><\/div>\n<\/div>\n\n\n\n<div class=\"is-layout-flow wp-block-column is-vertically-aligned-center\"><div class=\"wp-block-image mein-element\">\n<figure class=\"alignright size-large is-resized\"><img decoding=\"async\" loading=\"lazy\" src=\"https:\/\/xn--naturheilkunde-bnde-lbc.de\/wp-content\/uploads\/2020\/11\/green-tea-235677022-1024x778.png\" alt=\"naturheilkunde\" class=\"wp-image-869\" width=\"512\" height=\"389\" srcset=\"https:\/\/naturheilkunde-buende.de\/wp-content\/uploads\/2020\/11\/green-tea-235677022-1024x778.png 1024w, https:\/\/naturheilkunde-buende.de\/wp-content\/uploads\/2020\/11\/green-tea-235677022-300x228.png 300w, https:\/\/naturheilkunde-buende.de\/wp-content\/uploads\/2020\/11\/green-tea-235677022-768x583.png 768w, https:\/\/naturheilkunde-buende.de\/wp-content\/uploads\/2020\/11\/green-tea-235677022-1536x1166.png 1536w, https:\/\/naturheilkunde-buende.de\/wp-content\/uploads\/2020\/11\/green-tea-235677022-2048x1555.png 2048w\" sizes=\"(max-width: 512px) 100vw, 512px\" \/><\/figure><\/div><\/div>\n<\/div>\n<\/div><\/div>\n\n\n\n<\/div>\n<div class=\"trennerE2\"><\/div>\n<\/div>\n<div class=\"blockZeile\">\n<div class=\"trenner\">\n  <div class=\"trennerL\"><\/div>\n  <div class=\"trennerR\"><\/div>\n<\/div>\n<div class=\"blockContent trennerE blockContentHintergrund2 \">\n\n\n\n<div class=\"is-layout-flow wp-block-group block_frauenn wp-block-groupO\"><div class=\"wp-block-group__inner-container\">\n<div class=\"is-layout-flex wp-container-11 wp-block-columns\">\n<div class=\"is-layout-flow wp-block-column is-vertically-aligned-center\"><div class=\"wp-block-image mein-element\">\n<figure class=\"aligncenter size-large\"><img decoding=\"async\" loading=\"lazy\" width=\"1024\" height=\"619\" src=\"https:\/\/xn--naturheilkunde-bnde-lbc.de\/wp-content\/uploads\/2020\/11\/butterfly-1525824229911-2-1024x619.png\" alt=\"frauenheilkunde\" class=\"wp-image-907\" srcset=\"https:\/\/naturheilkunde-buende.de\/wp-content\/uploads\/2020\/11\/butterfly-1525824229911-2-1024x619.png 1024w, https:\/\/naturheilkunde-buende.de\/wp-content\/uploads\/2020\/11\/butterfly-1525824229911-2-300x181.png 300w, https:\/\/naturheilkunde-buende.de\/wp-content\/uploads\/2020\/11\/butterfly-1525824229911-2-768x464.png 768w, https:\/\/naturheilkunde-buende.de\/wp-content\/uploads\/2020\/11\/butterfly-1525824229911-2-1536x928.png 1536w, https:\/\/naturheilkunde-buende.de\/wp-content\/uploads\/2020\/11\/butterfly-1525824229911-2-2048x1237.png 2048w\" sizes=\"(max-width: 767px) 89vw, (max-width: 1000px) 54vw, (max-width: 1071px) 543px, 580px\" \/><\/figure><\/div><\/div>\n\n\n\n<div class=\"is-layout-flow wp-block-column is-vertically-aligned-top\">\n<h2 class=\"has-text-align-left mein-element\">Ganzheitliche Frauenheilkunde<\/h2>\n\n\n\n<p class=\"has-text-align-left\">Es suchen immer mehr Frauen Hilfe in alternative Heilmethoden, da die konventionellen Methoden die Probleme oft nur kurzfristig beheben und Behandlungen nicht an der Ursache der Beschwerden ansetzen. Ich m\u00f6chte Sie unterst\u00fctzen, Ihre Selbstheilungskr\u00e4fte zu aktivieren, um so zu einer nat\u00fcrlichen Gesundung zu finden. Hier bietet die Naturheilkunde viele bew\u00e4hrte Therapieverfahren.<\/p>\n\n\n\n<div class=\"wp-block-button customButton\" id=\"testtt\"><a class=\"wp-block-button__link has-very-dark-gray-color has-pale-cyan-blue-background-color has-text-color has-background wp-element-button\" href=\"https:\/\/xn--naturheilkunde-bnde-lbc.de\/?page_id=252\">Weiterlesen<\/a><\/div>\n<\/div>\n<\/div>\n<\/div><\/div>\n\n\n\n<\/div>\n<div class=\"trennerE2\"><\/div>\n<\/div>\n<div class=\"blockZeile\">\n<div class=\"trenner\">\n  <div class=\"trennerL\"><\/div>\n  <div class=\"trennerR\"><\/div>\n<\/div>\n<div class=\"blockContent trennerE blockContentHintergrund1 \">\n\n\n\n<div class=\"is-layout-flow wp-block-group wp-block-groupO\"><div class=\"wp-block-group__inner-container\">\n<div class=\"is-layout-flex wp-container-15 wp-block-columns\">\n<div class=\"is-layout-flow wp-block-column is-vertically-aligned-top\">\n<h2 class=\"mein-element\" id=\"TestTest\">Diagnostik<\/h2>\n\n\n\n<p>Wegweisend ist immer eine gr\u00fcndliche Anamnese (Aufnahme der Patienten-Krankengeschichte), aus der sich dann Notwendigkeiten weiterer Befunde wie z.B. Hormon-Speicheldiagnostik, Stuhluntersuchung, Urindiagnostik sowie die Aufnahme der Ern\u00e4hrungsgewohnheiten ergeben k\u00f6nnen.<\/p>\n\n\n\n<div class=\"wp-block-button customButton\" id=\"testtt\"><a class=\"wp-block-button__link wp-element-button\" href=\"https:\/\/xn--naturheilkunde-bnde-lbc.de\/index.php\/diagnostik\/\">Weiterlesen<\/a><\/div>\n<\/div>\n\n\n\n<div class=\"is-layout-flow wp-block-column is-vertically-aligned-center\"><div class=\"wp-block-image mein-element is-style-default\">\n<figure class=\"aligncenter size-large is-resized\"><img decoding=\"async\" loading=\"lazy\" src=\"https:\/\/xn--naturheilkunde-bnde-lbc.de\/wp-content\/uploads\/2020\/11\/stethoscope-2617701-717x1024.png\" alt=\"naturheilkunde\" class=\"wp-image-872\" width=\"359\" height=\"512\" srcset=\"https:\/\/naturheilkunde-buende.de\/wp-content\/uploads\/2020\/11\/stethoscope-2617701-717x1024.png 717w, https:\/\/naturheilkunde-buende.de\/wp-content\/uploads\/2020\/11\/stethoscope-2617701-210x300.png 210w, https:\/\/naturheilkunde-buende.de\/wp-content\/uploads\/2020\/11\/stethoscope-2617701-768x1097.png 768w, https:\/\/naturheilkunde-buende.de\/wp-content\/uploads\/2020\/11\/stethoscope-2617701-1075x1536.png 1075w, https:\/\/naturheilkunde-buende.de\/wp-content\/uploads\/2020\/11\/stethoscope-2617701-1433x2048.png 1433w, https:\/\/naturheilkunde-buende.de\/wp-content\/uploads\/2020\/11\/stethoscope-2617701.png 1719w\" sizes=\"(max-width: 359px) 100vw, 359px\" \/><\/figure><\/div><\/div>\n<\/div>\n\n\n\n<p><\/p>\n<\/div><\/div>\n\n\n\n<\/div>\n<div class=\"trennerE2\"><\/div>\n<\/div>\n<div class=\"blockZeile\">\n<div class=\"trenner\">\n  <div class=\"trennerL\"><\/div>\n  <div class=\"trennerR\"><\/div>\n<\/div>\n<div class=\"blockContent trennerE blockContentHintergrund2 \">\n\n\n\n<div class=\"is-layout-flow wp-block-group wp-block-groupO\"><div class=\"wp-block-group__inner-container\">\n<div class=\"is-layout-flex wp-container-19 wp-block-columns\">\n<div class=\"is-layout-flow wp-block-column is-vertically-aligned-center\"><div class=\"wp-block-image mein-element\">\n<figure class=\"aligncenter size-large is-resized\"><img decoding=\"async\" loading=\"lazy\" src=\"https:\/\/xn--naturheilkunde-bnde-lbc.de\/wp-content\/uploads\/2020\/11\/gLAS-976x1024.png\" alt=\"hormontherapie\" class=\"wp-image-866\" width=\"488\" height=\"512\" srcset=\"https:\/\/naturheilkunde-buende.de\/wp-content\/uploads\/2020\/11\/gLAS-976x1024.png 976w, https:\/\/naturheilkunde-buende.de\/wp-content\/uploads\/2020\/11\/gLAS-286x300.png 286w, https:\/\/naturheilkunde-buende.de\/wp-content\/uploads\/2020\/11\/gLAS-768x806.png 768w, https:\/\/naturheilkunde-buende.de\/wp-content\/uploads\/2020\/11\/gLAS.png 1001w\" sizes=\"(max-width: 488px) 100vw, 488px\" \/><\/figure><\/div><\/div>\n\n\n\n<div class=\"is-layout-flow wp-block-column is-vertically-aligned-top\">\n<h2 class=\"mein-element\">Therapien<\/h2>\n\n\n\n<p>In der ganzheitlichen Therapie geht es nicht vornehmlich darum, ein Symptom zu behandeln, sondern eine Kausaltherapie auf allen Ebenen des K\u00f6rpers zu erstellen. Daher legt die Basis-Therapie den Grundstein f\u00fcr eine nachhaltig erfolgreiche Folgetherapie, die unter Einbeziehung der Beschwerdebilder individuell erarbeitet wird.<\/p>\n\n\n\n<p>Erfahren Sie hier mehr \u00fcber <strong>Basis-Therapie, Phytotherapie, Gemmotherapie, Darmgesundheit<\/strong>, <strong>bioidentische Hormontherapie<\/strong>, <strong>Ab-und Ausleitverfahren<\/strong>, <strong>Mikron\u00e4hrstoffe.<\/strong><\/p>\n\n\n\n<p><\/p>\n\n\n\n<div class=\"wp-block-button customButton\" id=\"testtt\"><a class=\"wp-block-button__link has-very-dark-gray-color has-pale-cyan-blue-background-color has-text-color has-background wp-element-button\" href=\"https:\/\/xn--naturheilkunde-bnde-lbc.de\/?page_id=255\">Weiterlesen<\/a><\/div>\n<\/div>\n<\/div>\n\n\n\n<p><\/p>\n<\/div><\/div>\n\n\n\n<\/div>\n<div class=\"trennerE2\"><\/div>\n<\/div>\n<div class=\"blockZeile\">\n<div class=\"trenner\">\n  <div class=\"trennerL\"><\/div>\n  <div class=\"trennerR\"><\/div>\n<\/div>\n<div class=\"blockContent trennerE blockContentHintergrund1 \">\n\n\n\n<div class=\"is-layout-flow wp-block-group wp-block-groupO\"><div class=\"wp-block-group__inner-container\">\n<div class=\"is-layout-flex wp-container-23 wp-block-columns\">\n<div class=\"is-layout-flow wp-block-column is-vertically-aligned-top\">\n<h2>Immuntraining<\/h2>\n\n\n\n<p>Ein intaktes Immunsystem (Abwehrsystem) vernichtet in der Regel die Mikroorganismen, die uns schaden k\u00f6nnen, ohne dass es zum Ausbruch einer Infektionskrankheit kommt. Als <strong>zertifizierte Immuntrainerin<\/strong> erarbeite ich f\u00fcr Sie ein individuelles Therapiekonzept,  dass Ihnen helfen soll Ihr Immunsystem zu unterst\u00fctzen und aufzubauen.<\/p>\n\n\n\n<div class=\"wp-block-button customButton\" id=\"testtt\"><a class=\"wp-block-button__link wp-element-button\" href=\"https:\/\/naturheilkunde-b\u00fcnde.de\/index.php\/immuntraining\/\">Weiterlesen<\/a><\/div>\n<\/div>\n\n\n\n<div class=\"is-layout-flow wp-block-column is-vertically-aligned-bottom\"><div class=\"wp-block-image mein-element\">\n<figure class=\"alignleft size-large\"><img decoding=\"async\" loading=\"lazy\" width=\"1024\" height=\"359\" src=\"https:\/\/xn--naturheilkunde-bnde-lbc.de\/wp-content\/uploads\/2020\/11\/herbs-24370912209-1024x359.png\" alt=\"Immuntraining\" class=\"wp-image-900\" srcset=\"https:\/\/naturheilkunde-buende.de\/wp-content\/uploads\/2020\/11\/herbs-24370912209-1024x359.png 1024w, https:\/\/naturheilkunde-buende.de\/wp-content\/uploads\/2020\/11\/herbs-24370912209-300x105.png 300w, https:\/\/naturheilkunde-buende.de\/wp-content\/uploads\/2020\/11\/herbs-24370912209-768x269.png 768w, https:\/\/naturheilkunde-buende.de\/wp-content\/uploads\/2020\/11\/herbs-24370912209-1536x539.png 1536w, https:\/\/naturheilkunde-buende.de\/wp-content\/uploads\/2020\/11\/herbs-24370912209-2048x718.png 2048w\" sizes=\"(max-width: 767px) 89vw, (max-width: 1000px) 54vw, (max-width: 1071px) 543px, 580px\" \/><\/figure><\/div><\/div>\n<\/div>\n\n\n\n<p><\/p>\n<\/div><\/div>\n\n\n\n<p>Bitte beachten Sie, dass eine \u00e4rztliche Diagnostik und Behandlung nicht durch den Heilpraktiker ersetzt wird. In der Naturheilkunde kommen Diagnose- und Behandlungsmethoden zum Einsatz, die auf Erfahrung naturheilkundlicher Therapeuten beruhen und wissenschaftlich nicht anerkannt sind. Ein Behandlungserfolg kann nicht garantiert werden. <\/p>\n\n\n\n<\/div>\n<div class=\"trennerE2\"><\/div>\n<\/div>\n","protected":false},"excerpt":{"rendered":"<p>\u00dcber die Praxis Die Frauenheilkunde, eine Kategorie der Naturheilkunde, bietet Frauen nat\u00fcrliche Therapiem\u00f6glichkeiten wie z. B. die bioidentische Hormontherapie, die Gemmotherapie und bezieht auch die Darmgesundheit sowie das Immunsystem mit ein. Sch\u00f6n, dass Sie den Weg auf meine Praxiswebsite gefunden haben. Sie sind herzlich eingeladen, auf diesen Seiten mehr zu erfahren, \u00fcber meinen Praxisschwerpunkt, die &hellip; <\/p>\n<p class=\"link-more\"><a href=\"https:\/\/naturheilkunde-buende.de\/\" class=\"more-link\"><span class=\"screen-reader-text\">\u201eWillkommen in der Praxis &#8211; Hier nimmt man sich Zeit f\u00fcr Sie\u201c<\/span> weiterlesen<\/a><\/p>\n","protected":false},"author":1,"featured_media":0,"parent":0,"menu_order":0,"comment_status":"closed","ping_status":"closed","template":"","meta":[],"_links":{"self":[{"href":"https:\/\/naturheilkunde-buende.de\/index.php\/wp-json\/wp\/v2\/pages\/6"}],"collection":[{"href":"https:\/\/naturheilkunde-buende.de\/index.php\/wp-json\/wp\/v2\/pages"}],"about":[{"href":"https:\/\/naturheilkunde-buende.de\/index.php\/wp-json\/wp\/v2\/types\/page"}],"author":[{"embeddable":true,"href":"https:\/\/naturheilkunde-buende.de\/index.php\/wp-json\/wp\/v2\/users\/1"}],"replies":[{"embeddable":true,"href":"https:\/\/naturheilkunde-buende.de\/index.php\/wp-json\/wp\/v2\/comments?post=6"}],"version-history":[{"count":435,"href":"https:\/\/naturheilkunde-buende.de\/index.php\/wp-json\/wp\/v2\/pages\/6\/revisions"}],"predecessor-version":[{"id":1525,"href":"https:\/\/naturheilkunde-buende.de\/index.php\/wp-json\/wp\/v2\/pages\/6\/revisions\/1525"}],"wp:attachment":[{"href":"https:\/\/naturheilkunde-buende.de\/index.php\/wp-json\/wp\/v2\/media?parent=6"}],"curies":[{"name":"wp","href":"https:\/\/api.w.org\/{rel}","templated":true}]}}